{"id":506,"date":"2025-06-17T18:28:12","date_gmt":"2025-06-17T18:28:12","guid":{"rendered":"http:\/\/kemora.fi\/services\/"},"modified":"2026-04-01T16:09:55","modified_gmt":"2026-04-01T16:09:55","slug":"palvelut","status":"publish","type":"page","link":"https:\/\/kemora.fi\/?page_id=506","title":{"rendered":"Palvelut"},"content":{"rendered":"\t\t<div data-elementor-type=\"wp-post\" data-elementor-id=\"506\" class=\"elementor elementor-506\">\n\t\t\t\t<div class=\"elementor-element elementor-element-627553f e-flex e-con-boxed e-con e-parent\" data-id=\"627553f\" data-element_type=\"container\" data-e-type=\"container\" data-settings=\"{&quot;background_background&quot;:&quot;classic&quot;}\">\n\t\t\t\t\t<div class=\"e-con-inner\">\n\t\t<div class=\"elementor-element elementor-element-422be9b e-con-full e-flex e-con e-child\" data-id=\"422be9b\" data-element_type=\"container\" data-e-type=\"container\">\n\t\t\t\t<div class=\"elementor-element elementor-element-e4b4478 elementor-widget elementor-widget-heading\" data-id=\"e4b4478\" data-element_type=\"widget\" data-e-type=\"widget\" data-widget_type=\"heading.default\">\n\t\t\t\t<div class=\"elementor-widget-container\">\n\t\t\t\t\t<h1 class=\"elementor-heading-title elementor-size-default\">Palvelut<\/h1>\t\t\t\t<\/div>\n\t\t\t\t<\/div>\n\t\t\t\t<div class=\"elementor-element elementor-element-ee66b00 elementor-widget-divider--view-line elementor-widget elementor-widget-divider\" data-id=\"ee66b00\" data-element_type=\"widget\" data-e-type=\"widget\" data-widget_type=\"divider.default\">\n\t\t\t\t<div class=\"elementor-widget-container\">\n\t\t\t\t\t\t\t<div class=\"elementor-divider\">\n\t\t\t<span class=\"elementor-divider-separator\">\n\t\t\t\t\t\t<\/span>\n\t\t<\/div>\n\t\t\t\t\t\t<\/div>\n\t\t\t\t<\/div>\n\t\t\t\t<\/div>\n\t\t\t\t\t<\/div>\n\t\t\t\t<\/div>\n\t\t<div class=\"elementor-element elementor-element-4a6f76f e-flex e-con-boxed e-con e-parent\" data-id=\"4a6f76f\" data-element_type=\"container\" data-e-type=\"container\">\n\t\t\t\t\t<div class=\"e-con-inner\">\n\t\t\t\t<div class=\"elementor-element elementor-element-bd26733 elementor-widget elementor-widget-text-editor\" data-id=\"bd26733\" data-element_type=\"widget\" data-e-type=\"widget\" data-widget_type=\"text-editor.default\">\n\t\t\t\t<div class=\"elementor-widget-container\">\n\t\t\t\t\t\t\t\t\t<h1>Palvelut<\/h1><p>Kemoran moottorirata tarjoaa monipuoliset puitteet harrastajille, kilpailijoille ja tapahtumaj\u00e4rjest\u00e4jille.<\/p><h4>Rata-ajot ja harjoittelu<\/h4><p>Kemoran 2,7 km pitk\u00e4 asfaltoitu rata soveltuu erinomaisesti niin rata-ajoon kuin driftingiin.<\/p><p>Vapaa harjoittelu arkisin (50\u201380 \u20ac \/ 4 h)<br \/>Drifting ja rata-ajot tapahtumakalenterin mukaan.<\/p><p>Koko rata on mahdollista varata yksityisk\u00e4ytt\u00f6\u00f6n.<\/p><p>Arkiaamu tai -ilta: 600 \u20ac<br \/>Arkikoko p\u00e4iv\u00e4: 1 200 \u20ac<br \/>Viikonloput: 2 000 \u20ac<\/p><h4>Varikkopalvelut &amp; kalusto<\/h4><p>Alueella k\u00e4ytett\u00e4viss\u00e4:<\/p><p>laajat varikkotilat, s\u00e4hk\u00f6t ja suihkut<br \/>kuulutuslaitteet, turvavalot, paloauto, ambulanssi<br \/>hinauskalusto, harjakone,<br \/>wc-\/j\u00e4tepalvelut<br \/>Ravintola &amp; sauna<br \/>Rata-ravintola avoinna tapahtumien aikana \u2013 tarjolla lounasta ja grilliruokaa sek\u00e4 anniskelu.<br \/>M\u00f6nkij\u00e4<br \/>Joen rannassa sijaitsee erillinen saunarakennus.<\/p><h4>Majoitus ja aluepalvelut<\/h4><p>Y\u00f6pyminen varikolla: 20 \u20ac \/ y\u00f6 (sis. s\u00e4hk\u00f6t ja suihkut)<br \/>L\u00e4hell\u00e4 m\u00f6kkimajoitusta ja hotelleja (Vetelin keskustassa n. 12 km)<\/p><h4>Tapahtumat<\/h4><p>Tulevat tapahtumat ja vapaat vuorot n\u00e4kyv\u00e4t reaaliaikaisessa kalenterissa.<br \/>Kilpailujen ja ajop\u00e4ivien ilmoittautuminen onnistuu suoraan verkossa.<\/p>\t\t\t\t\t\t\t\t<\/div>\n\t\t\t\t<\/div>\n\t\t<div class=\"elementor-element elementor-element-bfea64f e-con-full e-flex e-con e-child\" data-id=\"bfea64f\" data-element_type=\"container\" data-e-type=\"container\">\n\t\t\t\t<div class=\"elementor-element elementor-element-4c331f5 elementor-position-top elementor-widget elementor-widget-image-box\" data-id=\"4c331f5\" data-element_type=\"widget\" data-e-type=\"widget\" data-widget_type=\"image-box.default\">\n\t\t\t\t<div class=\"elementor-widget-container\">\n\t\t\t\t\t<div class=\"elementor-image-box-wrapper\"><figure class=\"elementor-image-box-img\"><img decoding=\"async\" src=\"https:\/\/kemora.fi\/wp-content\/uploads\/2025\/07\/IMG_3835.heic\" class=\"attachment-full size-full wp-image-1268\" alt=\"\" \/><\/figure><div class=\"elementor-image-box-content\"><h3 class=\"elementor-image-box-title\">Sauna<\/h3><\/div><\/div>\t\t\t\t<\/div>\n\t\t\t\t<\/div>\n\t\t\t\t<div class=\"elementor-element elementor-element-64061e6 elementor-position-top elementor-widget elementor-widget-image-box\" data-id=\"64061e6\" data-element_type=\"widget\" data-e-type=\"widget\" data-widget_type=\"image-box.default\">\n\t\t\t\t<div class=\"elementor-widget-container\">\n\t\t\t\t\t<div class=\"elementor-image-box-wrapper\"><figure class=\"elementor-image-box-img\"><img fetchpriority=\"high\" decoding=\"async\" width=\"2560\" height=\"1702\" src=\"https:\/\/kemora.fi\/wp-content\/uploads\/2025\/07\/DSC0467-scaled.jpg\" class=\"attachment-full size-full wp-image-1264\" alt=\"\" srcset=\"https:\/\/kemora.fi\/wp-content\/uploads\/2025\/07\/DSC0467-scaled.jpg 2560w, https:\/\/kemora.fi\/wp-content\/uploads\/2025\/07\/DSC0467-scaled-600x399.jpg 600w, https:\/\/kemora.fi\/wp-content\/uploads\/2025\/07\/DSC0467-300x199.jpg 300w, https:\/\/kemora.fi\/wp-content\/uploads\/2025\/07\/DSC0467-1024x681.jpg 1024w, https:\/\/kemora.fi\/wp-content\/uploads\/2025\/07\/DSC0467-768x511.jpg 768w, https:\/\/kemora.fi\/wp-content\/uploads\/2025\/07\/DSC0467-1536x1021.jpg 1536w, https:\/\/kemora.fi\/wp-content\/uploads\/2025\/07\/DSC0467-2048x1362.jpg 2048w\" sizes=\"(max-width: 2560px) 100vw, 2560px\" \/><\/figure><div class=\"elementor-image-box-content\"><h3 class=\"elementor-image-box-title\">Ravintola<\/h3><\/div><\/div>\t\t\t\t<\/div>\n\t\t\t\t<\/div>\n\t\t\t\t<div class=\"elementor-element elementor-element-9f14da5 elementor-position-top elementor-widget elementor-widget-image-box\" data-id=\"9f14da5\" data-element_type=\"widget\" data-e-type=\"widget\" data-widget_type=\"image-box.default\">\n\t\t\t\t<div class=\"elementor-widget-container\">\n\t\t\t\t\t<div class=\"elementor-image-box-wrapper\"><figure class=\"elementor-image-box-img\"><img decoding=\"async\" width=\"2560\" height=\"1920\" src=\"https:\/\/kemora.fi\/wp-content\/uploads\/2025\/07\/DJI_0046-scaled.jpg\" class=\"attachment-full size-full wp-image-1241\" alt=\"\" srcset=\"https:\/\/kemora.fi\/wp-content\/uploads\/2025\/07\/DJI_0046-scaled.jpg 2560w, https:\/\/kemora.fi\/wp-content\/uploads\/2025\/07\/DJI_0046-scaled-600x450.jpg 600w, https:\/\/kemora.fi\/wp-content\/uploads\/2025\/07\/DJI_0046-300x225.jpg 300w, https:\/\/kemora.fi\/wp-content\/uploads\/2025\/07\/DJI_0046-1024x768.jpg 1024w, https:\/\/kemora.fi\/wp-content\/uploads\/2025\/07\/DJI_0046-768x576.jpg 768w, https:\/\/kemora.fi\/wp-content\/uploads\/2025\/07\/DJI_0046-1536x1152.jpg 1536w, https:\/\/kemora.fi\/wp-content\/uploads\/2025\/07\/DJI_0046-2048x1536.jpg 2048w\" sizes=\"(max-width: 2560px) 100vw, 2560px\" \/><\/figure><div class=\"elementor-image-box-content\"><h3 class=\"elementor-image-box-title\">Toimisto<\/h3><\/div><\/div>\t\t\t\t<\/div>\n\t\t\t\t<\/div>\n\t\t\t\t<\/div>\n\t\t\t\t\t<\/div>\n\t\t\t\t<\/div>\n\t\t\t\t<\/div>\n\t\t","protected":false},"excerpt":{"rendered":"<p>Palvelut Palvelut Kemoran moottorirata tarjoaa monipuoliset puitteet harrastajille, kilpailijoille ja tapahtumaj\u00e4rjest\u00e4jille. Rata-ajot ja harjoittelu Kemoran 2,7 km pitk\u00e4 asfaltoitu rata soveltuu erinomaisesti niin rata-ajoon kuin driftingiin. Vapaa harjoittelu arkisin (50\u201380 \u20ac \/ 4 h)Drifting ja rata-ajot tapahtumakalenterin mukaan. Koko rata on mahdollista varata yksityisk\u00e4ytt\u00f6\u00f6n. Arkiaamu tai -ilta: 600 \u20acArkikoko p\u00e4iv\u00e4: 1 200 \u20acViikonloput: 2 000 [&hellip;]<\/p>\n","protected":false},"author":1,"featured_media":0,"parent":0,"menu_order":0,"comment_status":"closed","ping_status":"closed","template":"","meta":{"_monsterinsights_skip_tracking":false,"_monsterinsights_sitenote_active":false,"_monsterinsights_sitenote_note":"","_monsterinsights_sitenote_category":0,"site-sidebar-layout":"no-sidebar","site-content-layout":"page-builder","ast-site-content-layout":"full-width-container","site-content-style":"unboxed","site-sidebar-style":"unboxed","ast-global-header-display":"","ast-banner-title-visibility":"","ast-main-header-display":"","ast-hfb-above-header-display":"","ast-hfb-below-header-display":"","ast-hfb-mobile-header-display":"","site-post-title":"disabled","ast-breadcrumbs-content":"","ast-featured-img":"disabled","footer-sml-layout":"","ast-disable-related-posts":"","theme-transparent-header-meta":"enabled","adv-header-id-meta":"","stick-header-meta":"","header-above-stick-meta":"","header-main-stick-meta":"","header-below-stick-meta":"","astra-migrate-meta-layouts":"set","ast-page-background-enabled":"default","ast-page-background-meta":{"desktop":{"background-color":"","background-image":"","background-repeat":"repeat","background-position":"center center","background-size":"auto","background-attachment":"scroll","background-type":"","background-media":"","overlay-type":"","overlay-color":"","overlay-opacity":"","overlay-gradient":""},"tablet":{"background-color":"","background-image":"","background-repeat":"repeat","background-position":"center center","background-size":"auto","background-attachment":"scroll","background-type":"","background-media":"","overlay-type":"","overlay-color":"","overlay-opacity":"","overlay-gradient":""},"mobile":{"background-color":"","background-image":"","background-repeat":"repeat","background-position":"center center","background-size":"auto","background-attachment":"scroll","background-type":"","background-media":"","overlay-type":"","overlay-color":"","overlay-opacity":"","overlay-gradient":""}},"ast-content-background-meta":{"desktop":{"background-color":"var(--ast-global-color-5)","background-image":"","background-repeat":"repeat","background-position":"center center","background-size":"auto","background-attachment":"scroll","background-type":"","background-media":"","overlay-type":"","overlay-color":"","overlay-opacity":"","overlay-gradient":""},"tablet":{"background-color":"var(--ast-global-color-5)","background-image":"","background-repeat":"repeat","background-position":"center center","background-size":"auto","background-attachment":"scroll","background-type":"","background-media":"","overlay-type":"","overlay-color":"","overlay-opacity":"","overlay-gradient":""},"mobile":{"background-color":"var(--ast-global-color-5)","background-image":"","background-repeat":"repeat","background-position":"center center","background-size":"auto","background-attachment":"scroll","background-type":"","background-media":"","overlay-type":"","overlay-color":"","overlay-opacity":"","overlay-gradient":""}},"footnotes":""},"class_list":["post-506","page","type-page","status-publish","hentry"],"yoast_head":"<!-- This site is optimized with the Yoast SEO plugin v27.4 - https:\/\/yoast.com\/product\/yoast-seo-wordpress\/ -->\n<title>Palvelut - kemora<\/title>\n<meta name=\"robots\" content=\"index, follow, max-snippet:-1, max-image-preview:large, max-video-preview:-1\" \/>\n<link rel=\"canonical\" href=\"https:\/\/kemora.fi\/?page_id=506\" \/>\n<meta property=\"og:locale\" content=\"fi_FI\" \/>\n<meta property=\"og:type\" content=\"article\" \/>\n<meta property=\"og:title\" content=\"Palvelut - kemora\" \/>\n<meta property=\"og:description\" content=\"Palvelut Palvelut Kemoran moottorirata tarjoaa monipuoliset puitteet harrastajille, kilpailijoille ja tapahtumaj\u00e4rjest\u00e4jille. Rata-ajot ja harjoittelu Kemoran 2,7 km pitk\u00e4 asfaltoitu rata soveltuu erinomaisesti niin rata-ajoon kuin driftingiin. Vapaa harjoittelu arkisin (50\u201380 \u20ac \/ 4 h)Drifting ja rata-ajot tapahtumakalenterin mukaan. Koko rata on mahdollista varata yksityisk\u00e4ytt\u00f6\u00f6n. Arkiaamu tai -ilta: 600 \u20acArkikoko p\u00e4iv\u00e4: 1 200 \u20acViikonloput: 2 000 [&hellip;]\" \/>\n<meta property=\"og:url\" content=\"https:\/\/kemora.fi\/?page_id=506\" \/>\n<meta property=\"og:site_name\" content=\"kemora\" \/>\n<meta property=\"article:modified_time\" content=\"2026-04-01T16:09:55+00:00\" \/>\n<meta property=\"og:image\" content=\"http:\/\/kemora.fi\/wp-content\/uploads\/2025\/07\/IMG_3835.heic\" \/>\n<meta name=\"twitter:card\" content=\"summary_large_image\" \/>\n<meta name=\"twitter:label1\" content=\"Arvioitu lukuaika\" \/>\n\t<meta name=\"twitter:data1\" content=\"2 minuuttia\" \/>\n<script type=\"application\/ld+json\" class=\"yoast-schema-graph\">{\"@context\":\"https:\\\/\\\/schema.org\",\"@graph\":[{\"@type\":\"WebPage\",\"@id\":\"https:\\\/\\\/kemora.fi\\\/?page_id=506\",\"url\":\"https:\\\/\\\/kemora.fi\\\/?page_id=506\",\"name\":\"Palvelut - kemora\",\"isPartOf\":{\"@id\":\"https:\\\/\\\/kemora.fi\\\/#website\"},\"primaryImageOfPage\":{\"@id\":\"https:\\\/\\\/kemora.fi\\\/?page_id=506#primaryimage\"},\"image\":{\"@id\":\"https:\\\/\\\/kemora.fi\\\/?page_id=506#primaryimage\"},\"thumbnailUrl\":\"http:\\\/\\\/kemora.fi\\\/wp-content\\\/uploads\\\/2025\\\/07\\\/IMG_3835.heic\",\"datePublished\":\"2025-06-17T18:28:12+00:00\",\"dateModified\":\"2026-04-01T16:09:55+00:00\",\"breadcrumb\":{\"@id\":\"https:\\\/\\\/kemora.fi\\\/?page_id=506#breadcrumb\"},\"inLanguage\":\"fi\",\"potentialAction\":[{\"@type\":\"ReadAction\",\"target\":[\"https:\\\/\\\/kemora.fi\\\/?page_id=506\"]}]},{\"@type\":\"ImageObject\",\"inLanguage\":\"fi\",\"@id\":\"https:\\\/\\\/kemora.fi\\\/?page_id=506#primaryimage\",\"url\":\"https:\\\/\\\/kemora.fi\\\/wp-content\\\/uploads\\\/2025\\\/07\\\/IMG_3835.heic\",\"contentUrl\":\"https:\\\/\\\/kemora.fi\\\/wp-content\\\/uploads\\\/2025\\\/07\\\/IMG_3835.heic\"},{\"@type\":\"BreadcrumbList\",\"@id\":\"https:\\\/\\\/kemora.fi\\\/?page_id=506#breadcrumb\",\"itemListElement\":[{\"@type\":\"ListItem\",\"position\":1,\"name\":\"Home\",\"item\":\"https:\\\/\\\/kemora.fi\\\/\"},{\"@type\":\"ListItem\",\"position\":2,\"name\":\"Palvelut\"}]},{\"@type\":\"WebSite\",\"@id\":\"https:\\\/\\\/kemora.fi\\\/#website\",\"url\":\"https:\\\/\\\/kemora.fi\\\/\",\"name\":\"kemora\",\"description\":\"Moottorirata Keskipohjanmaalla\",\"publisher\":{\"@id\":\"https:\\\/\\\/kemora.fi\\\/#organization\"},\"potentialAction\":[{\"@type\":\"SearchAction\",\"target\":{\"@type\":\"EntryPoint\",\"urlTemplate\":\"https:\\\/\\\/kemora.fi\\\/?s={search_term_string}\"},\"query-input\":{\"@type\":\"PropertyValueSpecification\",\"valueRequired\":true,\"valueName\":\"search_term_string\"}}],\"inLanguage\":\"fi\"},{\"@type\":\"Organization\",\"@id\":\"https:\\\/\\\/kemora.fi\\\/#organization\",\"name\":\"Kemora\",\"url\":\"https:\\\/\\\/kemora.fi\\\/\",\"logo\":{\"@type\":\"ImageObject\",\"inLanguage\":\"fi\",\"@id\":\"https:\\\/\\\/kemora.fi\\\/#\\\/schema\\\/logo\\\/image\\\/\",\"url\":\"https:\\\/\\\/kemora.fi\\\/wp-content\\\/uploads\\\/2025\\\/06\\\/kemora-ei-taustaa.webp\",\"contentUrl\":\"https:\\\/\\\/kemora.fi\\\/wp-content\\\/uploads\\\/2025\\\/06\\\/kemora-ei-taustaa.webp\",\"width\":788,\"height\":638,\"caption\":\"Kemora\"},\"image\":{\"@id\":\"https:\\\/\\\/kemora.fi\\\/#\\\/schema\\\/logo\\\/image\\\/\"}}]}<\/script>\n<!-- \/ Yoast SEO plugin. -->","yoast_head_json":{"title":"Palvelut - kemora","robots":{"index":"index","follow":"follow","max-snippet":"max-snippet:-1","max-image-preview":"max-image-preview:large","max-video-preview":"max-video-preview:-1"},"canonical":"https:\/\/kemora.fi\/?page_id=506","og_locale":"fi_FI","og_type":"article","og_title":"Palvelut - kemora","og_description":"Palvelut Palvelut Kemoran moottorirata tarjoaa monipuoliset puitteet harrastajille, kilpailijoille ja tapahtumaj\u00e4rjest\u00e4jille. Rata-ajot ja harjoittelu Kemoran 2,7 km pitk\u00e4 asfaltoitu rata soveltuu erinomaisesti niin rata-ajoon kuin driftingiin. Vapaa harjoittelu arkisin (50\u201380 \u20ac \/ 4 h)Drifting ja rata-ajot tapahtumakalenterin mukaan. Koko rata on mahdollista varata yksityisk\u00e4ytt\u00f6\u00f6n. Arkiaamu tai -ilta: 600 \u20acArkikoko p\u00e4iv\u00e4: 1 200 \u20acViikonloput: 2 000 [&hellip;]","og_url":"https:\/\/kemora.fi\/?page_id=506","og_site_name":"kemora","article_modified_time":"2026-04-01T16:09:55+00:00","og_image":[{"url":"http:\/\/kemora.fi\/wp-content\/uploads\/2025\/07\/IMG_3835.heic","type":"","width":"","height":""}],"twitter_card":"summary_large_image","twitter_misc":{"Arvioitu lukuaika":"2 minuuttia"},"schema":{"@context":"https:\/\/schema.org","@graph":[{"@type":"WebPage","@id":"https:\/\/kemora.fi\/?page_id=506","url":"https:\/\/kemora.fi\/?page_id=506","name":"Palvelut - kemora","isPartOf":{"@id":"https:\/\/kemora.fi\/#website"},"primaryImageOfPage":{"@id":"https:\/\/kemora.fi\/?page_id=506#primaryimage"},"image":{"@id":"https:\/\/kemora.fi\/?page_id=506#primaryimage"},"thumbnailUrl":"http:\/\/kemora.fi\/wp-content\/uploads\/2025\/07\/IMG_3835.heic","datePublished":"2025-06-17T18:28:12+00:00","dateModified":"2026-04-01T16:09:55+00:00","breadcrumb":{"@id":"https:\/\/kemora.fi\/?page_id=506#breadcrumb"},"inLanguage":"fi","potentialAction":[{"@type":"ReadAction","target":["https:\/\/kemora.fi\/?page_id=506"]}]},{"@type":"ImageObject","inLanguage":"fi","@id":"https:\/\/kemora.fi\/?page_id=506#primaryimage","url":"https:\/\/kemora.fi\/wp-content\/uploads\/2025\/07\/IMG_3835.heic","contentUrl":"https:\/\/kemora.fi\/wp-content\/uploads\/2025\/07\/IMG_3835.heic"},{"@type":"BreadcrumbList","@id":"https:\/\/kemora.fi\/?page_id=506#breadcrumb","itemListElement":[{"@type":"ListItem","position":1,"name":"Home","item":"https:\/\/kemora.fi\/"},{"@type":"ListItem","position":2,"name":"Palvelut"}]},{"@type":"WebSite","@id":"https:\/\/kemora.fi\/#website","url":"https:\/\/kemora.fi\/","name":"kemora","description":"Moottorirata Keskipohjanmaalla","publisher":{"@id":"https:\/\/kemora.fi\/#organization"},"potentialAction":[{"@type":"SearchAction","target":{"@type":"EntryPoint","urlTemplate":"https:\/\/kemora.fi\/?s={search_term_string}"},"query-input":{"@type":"PropertyValueSpecification","valueRequired":true,"valueName":"search_term_string"}}],"inLanguage":"fi"},{"@type":"Organization","@id":"https:\/\/kemora.fi\/#organization","name":"Kemora","url":"https:\/\/kemora.fi\/","logo":{"@type":"ImageObject","inLanguage":"fi","@id":"https:\/\/kemora.fi\/#\/schema\/logo\/image\/","url":"https:\/\/kemora.fi\/wp-content\/uploads\/2025\/06\/kemora-ei-taustaa.webp","contentUrl":"https:\/\/kemora.fi\/wp-content\/uploads\/2025\/06\/kemora-ei-taustaa.webp","width":788,"height":638,"caption":"Kemora"},"image":{"@id":"https:\/\/kemora.fi\/#\/schema\/logo\/image\/"}}]}},"_links":{"self":[{"href":"https:\/\/kemora.fi\/index.php?rest_route=\/wp\/v2\/pages\/506","targetHints":{"allow":["GET"]}}],"collection":[{"href":"https:\/\/kemora.fi\/index.php?rest_route=\/wp\/v2\/pages"}],"about":[{"href":"https:\/\/kemora.fi\/index.php?rest_route=\/wp\/v2\/types\/page"}],"author":[{"embeddable":true,"href":"https:\/\/kemora.fi\/index.php?rest_route=\/wp\/v2\/users\/1"}],"replies":[{"embeddable":true,"href":"https:\/\/kemora.fi\/index.php?rest_route=%2Fwp%2Fv2%2Fcomments&post=506"}],"version-history":[{"count":20,"href":"https:\/\/kemora.fi\/index.php?rest_route=\/wp\/v2\/pages\/506\/revisions"}],"predecessor-version":[{"id":1406,"href":"https:\/\/kemora.fi\/index.php?rest_route=\/wp\/v2\/pages\/506\/revisions\/1406"}],"wp:attachment":[{"href":"https:\/\/kemora.fi\/index.php?rest_route=%2Fwp%2Fv2%2Fmedia&parent=506"}],"curies":[{"name":"wp","href":"https:\/\/api.w.org\/{rel}","templated":true}]}}